y 172984.
330
Calculate the remainder when 48565519 is divided by 63818.
21
Calculate the remainder when 15022397 is divided by 3946.
3921
Calculate the remainder when 1756198 is divided by 3713.
3662
What is the remainder when 680793 is divided by 529?
499
Calculate the remainder when 633591 is divided by 126690.
141
Calculate the remainder when 7171760 is divided by 51.
38
What is the remainder when 1145127 is divided by 179?
64
Calculate the remainder when 58998 is divided by 4526.
160
What is the remainder when 1717918 is divided by 31813?
16
What is the remainder when 1273041 is divided by 1272867?
174
What is the remainder when 1240092 is divided by 620042?
8
Calculate the remainder when 233310 is divided by 6559.
3745
What is the remainder when 12331685 is divided by 2409?
14
Calculate the remainder when 227044 is divided by 684.
640
Calculate the remainder when 1062267 is divided by 487.
120
What is the remainder when 54458 is divided by 11290?
9298
What is the remainder when 14610195 is divided by 14610186?
9
Calculate the remainder when 1537966 is divided by 21068.
2
What is the remainder when 399508162 is divided by 274?
270
Calculate the remainder when 13105133 is divided by 418.
415
What is the remainder when 94997619 is divided by 145?
144
What is the remainder when 2028008 is divided by 42241?
440
What is the remainder when 132574 is divided by 132476?
98
What is the remainder when 656258563 is divided by 804?
799
Calculate the remainder when 26539 is divided by 73.
40
What is the remainder when 158333 is divided by 1427?
1363
Calculate the remainder when 47977 is divided by 424.
65
What is the remainder when 1458350 is divided by 182?
166
What is the remainder when 3121186 is divided by 48018?
16
Calculate the remainder when 1200209 is divided by 1791.
239
What is the remainder when 492928 is divided by 982?
946
What is the remainder when 28797189 is divided by 277?
269
Calculate the remainder when 70503194 is divided by 36932.
6
What is the remainder when 579157 is divided by 1989?
358
Calculate the remainder when 79676 is divided by 895.
21
What is the remainder when 1430880 is divided by 843?
309
What is the remainder when 1037674 is divided by 8368?
42
What is the remainder when 86867897 is divided by 4043?
4042
What is the remainder when 3674630 is divided by 2543?
2538
What is the remainder when 602965 is divided by 68?
9
Calculate the remainder when 409190 is divided by 410.
10
Calculate the remainder when 20196217 is divided by 3415.
3322
Calculate the remainder when 68753 is divided by 68747.
6
Calculate the remainder when 1629565 is divided by 6467.
6348
Calculate the remainder when 1171170 is divided by 437.
10
What is the remainder when 154404 is divided by 7714?
124
What is the remainder when 5868504 is divided by 1466993?
532
Calculate the remainder when 13014427 is divided by 1859200.
27
Calculate the remainder when 17504592 is divided by 20.
12
What is the remainder when 192842899 is divided by 34?
33
What is the remainder when 1312568 is divided by 3445?
23
What is the remainder when 217061 is divided by 375?
311
Calculate the remainder when 522237 is divided by 173924.
465
What is the remainder when 14747396 is divided by 2212?
2204
Calculate the remainder when 230073 is divided by 28673.
689
Calculate the remainder when 11653348 is divided by 288.
4
What is the remainder when 22981166 is divided by 162?
8
What is the remainder when 21065037 is divided by 2633128?
13
What is the remainder when 6215322 is divided by 110?
102
Calculate the remainder when 1972819 is divided by 986377.
65
Calculate the remainder when 21195119 is divided by 120.
119
What is the remainder when 6047089 is divided by 377941?
33
What is the remainder when 1484627 is divided by 57101?
1
Calculate the remainder when 208677 is divided by 42.
21
What is the remainder when 803197 is divided by 103?
3
What is the remainder when 148867016 is divided by 121?
111
What is the remainder when 282031 is divided by 564?
31
What is the remainder when 17339341 is divided by 1051?
994
Calculate the remainder when 18631880 is divided by 518.
456
What is the remainder when 1862834 is divided by 619535?
4229
Calculate the remainder when 859980 is divided by 21450.
1980
Calculate the remainder when 49297245 is divided by 462.
459
Calculate the remainder when 286378 is divided by 3079.
31
Calculate the remainder when 94257 is divided by 30044.
4125
Calculate the remainder when 2533 is divided by 2465.
68
What is the remainder when 4792065 is divided by 26186?
27
What is the remainder when 29034300 is divided by 4831?
4821
Calculate the remainder when 519189604 is divided by 1341.
1339
What is the remainder when 233225 is divided by 21171?
344
Calculate the remainder when 59904268 is divided by 3993616.
28
What is the remainder when 315048 is divided by 10162?
26
Calculate the remainder when 3289694 is divided by 548271.
68
What is the remainder when 52796 is divided by 4379?
248
Calculate the remainder when 2221238 is divided by 555179.
522
What is the remainder when 20295637 is divided by 457?
267
Calculate the remainder when 53453 is divided by 1110.
173
Calculate the remainder when 26082357 is divided by 5.
2
Calculate the remainder when 50439 is divided by 16619.
582
Calculate the remainder when 58894054 is divided by 936.
934
Calculate the remainder when 1789045 is divided by 162639.
16
Calculate the remainder when 8933259 is divided by 66666.
15
Calculate the remainder when 758716 is divided by 378785.
1146
Calculate the remainder when 15143 is divided by 3678.
431
Calculate the remainder when 6467438 is divided by 152.
142
Calculate the remainder when 53186 is divided by 26574.
38
What is the remainder when 1029456 is divided by 343123?
87
What is the remainder when 350929206 is divided by 14?
12
Calculate the remainder when 12128576 is divided by 556.
548
What is the remainder when 3763554 is divided by 752629?
409
Calculate the remainder when 179844 is divided by 5.
4
Calculate the remainder when 713719 is divided by 31002.
673
Calculate the remainder when 74483117 is divided by 19.
1
What is the remainder when 5140 is divided by 2807?
2333
Calculate the remainder when 368046 is divided by 7142.
3804
What is the remainder when 6512 is divided by 4582?
1930
Calculate the remainder when 42288 is divided by 2677.
2133
Calculate the remainder when 1150813 is divided by 2055.
13
What is the remainder when 16403 is divided by 15601?
802
Calculate the remainder when 44526 is divided by 7311.
660
What is the remainder when 185694 is divided by 9006?
5574
What is the remainder when 14743799 is divided by 97?
90
Calculate the remainder when 31076 is divided by 7740.
116
What is the remainder when 2068190 is divided by 28724?
62
What is the remainder when 303668 is divided by 5576?
2564
What is the remainder when 35982 is divided by 1698?
324
What is the remainder when 41419450 is divided by 64?
58
Calculate the remainder when 15642382 is divided by 7821011.
360
What is the remainder when 88646 is divided by 17340?
1946
Calculate the remainder when 38132 is divided by 140.
52
Calculate the remainder when 113166409 is divided by 5210.
5209
What is the remainder when 2161480 is divided by 19471?
199
What is the remainder when 6904379 is divided by 275?
229
What is the remainder when 21562653 is divided by 4708?
13
Calculate the remainder when 36777 is divided by 213.
141
What is the remainder when 656605 is divided by 2430?
505
Calculate the remainder when 43461 is divided by 130.
41
What is the remainder when 2757918 is divided by 106?
10
Calculate the remainder when 10706366 is divided by 1419.
11
Calculate the remainder when 1483453 is divided by 3636.
3601
What is the remainder when 127656 is divided by 9965?
8076
What is the remainder when 245832 is divided by 470?
22
What is the remainder when 147524898 is divided by 157276?
10
Calculate the remainder when 94437 is divided by 3038.
259
What is the remainder when 2801145 is divided by 2801028?
117
What is the remainder when 333963 is divided by 14?
7
Calculate the remainder when 33658442 is divided by 6669.
6668
Calculate the remainder when 26766030 is divided by 4385.
4375
What is the remainder when 